a0514
In base 7, what is 1011 - 305?
403
In base 4, what is 0 - -1023021?
1023021
In base 3, what is -12 - 20110001111?
-20110001200
In base 12, what is b94a + -4?
b946
In base 4, what is 1210231 - -11?
1210302
In base 10, what is -10014 + 3?
-10011
In base 16, what is -8 + -3b56?
-3b5e
In base 12, what is -2552 - -60?
-24b2
In base 8, what is -666 - -145?
-521
In base 6, what is -242150 + 1?
-242145
In base 12, what is -a + -b9b2?
-ba00
In base 5, what is 14333 - -334?
20222
In base 2, what is -1 - -1001111010100001?
1001111010100000
In base 16, what is 11d9a - 5?
11d95
In base 10, what is 35 - 167336?
-167301
In base 9, what is 5 - -128427?
128433
In base 8, what is -7045 + 1?
-7044
In base 5, what is -12230 + -3204?
-20434
In base 6, what is -55101 + -5?
-55110
In base 8, what is -5 + 1237151?
1237144
In base 12, what is -1370 - -83?
-12a9
In base 5, what is 114212 - 41?
114121
In base 12, what is 17078 + 1?
17079
In base 2, what is 100 - -1001001111000111?
1001001111001011
In base 14, what is 18290 - 1?
1828d
In base 7, what is 53350 - 1?
53346
In base 13, what is -19 + 6b3?
697
In base 6, what is -111214 + 4?
-111210
In base 9, what is 205808 - -2?
205811
In base 5, what is 1 + -134400?
-134344
In base 7, what is 5135 + 2?
5140
In base 14, what is 31 + -236b?
-233a
In base 6, what is -2 + 13045?
13043
In base 13, what is 14a8 - 228?
1280
In base 5, what is -10 + 30404?
30344
In base 2, what is -1111101001001 - 110?
-1111101001111
In base 12, what is 1 - -4a5a?
4a5b
In base 12, what is 1 - -2693?
2694
In base 15, what is ecb - -3d6?
13b2
In base 7, what is 14150 - -25?
14205
In base 3, what is -121000002 - 0?
-121000002
In base 14, what is -b034 + -10?
-b044
In base 3, what is -211 - -21012100?
21011112
In base 2, what is -101 - 110000111000001?
-110000111000110
In base 15, what is -1a4d + 5?
-1a48
In base 9, what is -146 + 11277?
11131
In base 2, what is -1100110 - -10111110001100?
10111100100110
In base 7, what is -142062 + 2?
-142060
In base 9, what is -4 - 1704101?
-1704105
In base 12, what is 6574 + -b?
6565
In base 13, what is -11b + -3bc?
-50a
In base 4, what is 1031233223 - -13?
1031233302
In base 10, what is -10272 + -6?
-10278
In base 7, what is -401 - -1355?
654
In base 2, what is -101110000 + 1001100100?
11110100
In base 12, what is -31a8 - -79?
-312b
In base 8, what is -2 + -1675002?
-1675004
In base 2, what is -1101100001111 + -10001?
-1101100100000
In base 9, what is 1 - -338383?
338384
In base 8, what is 430774 + -2?
430772
In base 3, what is 101 + 122011022?
122011200
In base 12, what is 5 + 86?
8b
In base 2, what is 1011 - -1000011000?
1000100011
In base 9, what is -235157 + -1?
-235158
In base 14, what is 40 + -b21?
-ac1
In base 2, what is -110010011010 + -11010010?
-110101101100
In base 3, what is 12 - 102112201?
-102112112
In base 5, what is -1 - 204?
-210
In base 4, what is -12 + -1131130?
-1131202
In base 14, what is -2 - 18b17?
-18b19
In base 15, what is 1 + 1bac?
1bad
In base 11, what is 1 - -49600?
49601
In base 10, what is 2233 + 64?
2297
In base 9, what is -11420 - 6?
-11426
In base 7, what is -1040536 + 4?
-1040532
In base 9, what is -20568 - 1?
-20570
In base 13, what is -c1 + -a?
-cb
In base 11, what is -3566 - 1a?
-3585
In base 6, what is -123 - 121330?
-121453
In base 2, what is -11100111111000001 - -1?
-11100111111000000
In base 16, what is -5 + -c473?
-c478
In base 15, what is 7c24 - -1b?
7c40
In base 3, what is 1202100 + 10000110?
11202210
In base 5, what is 441 - 1000341?
-444400
In base 5, what is 1122 + -1012?
110
In base 11, what is 40996 - 38?
40959
In base 2, what is -1001101001 + 1100101?
-1000000100
In base 11, what is -1335294 + 2?
-1335292
In base 5, what is 4 - -1120110?
1120114
In base 10, what is -92440 - -2?
-92438
In base 12, what is -10b7b - -7?
-10b74
In base 7, what is -3 + 45020?
45014
In base 9, what is 4 + 17148?
17153
In base 14, what is a2db8 + -14?
a2da4
In base 16, what is 65c5 + -5?
65c0
In base 11, what is -1a - -5a5?
586
In base 11, what is -7266 + 335?
-6a31
In base 15, what is 1 + 5174c?
5174d
In base 4, what is -1131021 + 32?
-1130323
In base 11, what is 56481 + 6?
56487
In base 12, what is 102 - -57?
159
In base 12, what is 11408 + -5?
11403
In base 4, what is 1313 + 30200?
32113
In base 8, what is 54 + 206?
262
In base 7, what is -15 + 5653?
5635
In base 9, what is 122 - -1851?
2073
In base 15, what is -b9ad56 + 1?
-b9ad55
In base 8, what is 53 - -2673?
2746
In base 5, what is -3 - 200130?
-200133
In base 4, what is 1211132 + -1003?
1210123
In base 7, what is 1013 + -5024?
-4011
In base 3, what is -120 + 20001000122?
20001000002
In base 15, what is 3 - 299e?
-299b
In base 14, what is -35119 + 28?
-350d1
In base 16, what is -6 + 338?
332
In base 9, what is -2 + 2580878?
2580876
In base 10, what is -55 + 685?
630
In base 4, what is -10131 - -10202?
11
In base 7, what is -15 - 16516?
-16534
In base 16, what is -53 + c4?
71
In base 12, what is -889a - -11?
-8889
In base 9, what is -5802 + 14?
-5777
In base 16, what is 2f0fcc + 4?
2f0fd0
In base 5, what is -3 + 220401?
220343
In base 15, what is 2 - 19a1?
-199e
In base 10, what is -109 + 361?
252
In base 9, what is -2405 - -1?
-2404
In base 14, what is 6a - 2cb?
-261
In base 7, what is -1142616 + -1?
-1142620
In base 7, what is 3233 + 433?
3666
In base 8, what is 2 + -6734?
-6732
In base 14, what is 38 + -3b287?
-3b24d
In base 9, what is -4 - -37108?
37104
In base 9, what is -546 + 128?
-417
In base 3, what is 0 + -20010201?
-20010201
In base 3, what is 1101201120 + -1?
1101201112
In base 16, what is -6 - 2fd1d?
-2fd23
In base 10, what is -1237318 - 3?
-1237321
In base 4, what is -21211 - 122310?
-210121
In base 12, what is -5b2 + 4a?
-564
In base 9, what is 1123 + 66?
1200
In base 2, what is 110101 + 101101010?
110011111
In base 10, what is 3484644 + 4?
3484648
In base 4, what is -222131 + 2003?
-220122
In base 3, what is -21111211221 + 112?
-21111211102
In base 11, what is 85 - 590?
-506
In base 16, what is -34 + 39b3?
397f
In base 14, what is -c + -2234?
-2242
In base 14, what is -b + 347?
33a
In base 5, what is 13 - 403022?
-403004
In base 13, what is 7 + 66a67?
66a71
In base 5, what is -41 - 22340403?
-22340444
In base 11, what is -a8 - -3?
-a5
In base 10, what is -13368 + -5?
-13373
In base 12, what is -1 + 276825?
276824
In base 2, what is 1 + -1011101000010?
-1011101000001
In base 5, what is -204331 + -3?
-204334
In base 8, what is 26 - -6253?
6301
In base 12, what is -11 + 654a6?
65495
In base 5, what is 1411124203 - 10?
1411124143
In base 9, what is 6260 - 48?
6211
In base 4, what is 0 - -2132023131?
2132023131
In base 15, what is -39245 - 3?
-39248
In base 16, what is 9 - 1d2?
-1c9
In base 12, what is -374464 + 2?
-374462
In base 11, what is -16695 + a?
-16686
In base 10, what is 2150 + -996?
1154
In base 3, what is 0 - 202100210?
-202100210
In base 15, what is 314d - -3c?
318a
In base 16, what is -36 + 7be2?
7bac
In base 12, what is 1b8 - -52?
24a
In base 16, what is -1095 + e2?
-fb3
In base 6, what is -13103 + 12?
-13051
In base 8, what is -123456 - -1?
-123455
In base 16, what is -926 + 21?
-905
In base 5, what is -313321 + 42?
-313224
In base 14, what is -17d7a - -b?
-17d6d
In base 11, what is -309 + 48?
-271
In base 5, what is 12 + -1001143?
-1001131
In base 11, what is -220284 - -4?
-220280
In base 16, what is -1cec0 + 4?
-1cebc
In base 5, what is 2 + 43230?
43232
In base 5, what is 3 + 20103?
20111
In base 7, what is -245 - -152?
-63
In base 16, what is 1f0c - -73?
1f7f
In base 14, what is 2 - 9289?
-9287
In base 14, what is 0 - -1b3b83?
1b3b83
In base 2, what is -101101101001 - -10?
-101101100111
In base 9, what is -33 + 7111?
7067
In base 11, what is -2766 - -3?
-2763
In base 12, what is -4 + -133439?
-133441
In base 12, what is 197 + 3511?
36a8
In base 13, what is 2a84a3 - -7?
2a84aa
In base 4, what is -11 + 1311233213?
1311233202
In base 11, what is -1376 + -17?
-1392
In base 6, what is 2 + -41325?
-41323
In base 14, what is 11d + -9ba?
-89b
In base 7, what is -10365 + 3643?
-3422
In base 6, what is -122 - 35414?
-35540
In base 10, what is 3555 - -379?
3934
In base 12, what is 2b24b - 2?
2b249
In base 12, what is 7 + -27090?
-27085
In base 5, what is -244 + 4303?
4004
In base 6, what is 3301 + 1015?
